). Suppose 0 = -2*y + 6 + m. What is the units digit of y?
8
Let t be 4 + (2 - (1 + 0)). Suppose 157*h - 160*h = -9. Suppose 3*g - 153 = -h*l, 0 = t*g - 2*l + 6*l - 260. What is the units digit of g?
6
Let f be (4/10)/((-7)/(-280)). What is the units digit of (-6)/(f/(-2120)*(4 + 1))?
9
Suppose 9280 + 8423 = 7*p. What is the thousands digit of p?
2
Let l be (-2)/((-4)/6) + 175 + 23. Let x = l + -88. What is the tens digit of x?
1
Suppose 0 = -5*b - 939 + 4754. Suppose -3*n + 10*n = b. What is the hundreds digit of n?
1
Let y(i) = -i**3 + 7*i**2 + 7*i + 8. Let m be y(8). Suppose -2*c - 3*t + 4 = m, 3*t - 8 = -4*c - t. What is the units digit of (-1 - -9) + -2 + c?
8
Let o = -216 + 129. Let k = 228 + o. What is the hundreds digit of k?
1
Suppose 51*j + 108870 = 81*j. What is the thousands digit of j?
3
Let k = -19 - -24. Suppose -304 = -4*p + 3*c, -3*c + 6*c = -3*p + 228. Suppose -k*h + p = -h. What is the units digit of h?
9
Let p(v) = -114*v + 49. What is the units digit of p(-6)?
3
Let a(j) = 130*j + 135. What is the tens digit of a(4)?
5
Let d(s) = 639*s + 2. What is the tens digit of d(1)?
4
Suppose -5*m - 139 = -5*k + 301, 3*k - 260 = 4*m. Let y = k - 7. What is the tens digit of y?
8
Let c = -15 + 17. Suppose -66 = -c*p + y + 375, 0 = 3*p - y - 664. What is the tens digit of p?
2
Suppose 0*u + 2 = u. Suppose 27 = -u*l + 5*l. Suppose 0 = -3*q + 6*q - l. What is the units digit of q?
3
Let w = 847 + 957. What is the thousands digit of w?
1
What is the hundreds digit of (-4)/(-38) - (-503880)/722?
6
Let s(c) = -5*c**3 - 5*c**2 - 8*c - 12. What is the units digit of s(-5)?
8
Let f = -19 - -23. Suppose 4*z - 185 = 3*d, -27 = -f*d - 7. What is the units digit of z?
0
What is the hundreds digit of 10 + ((-4064)/(-2) - -6)?
0
Let l(i) = -i - 17. Let c be l(-4). What is the tens digit of 2*19 + (-11 - c)?
4
What is the tens digit of (-4)/22 + (-52836)/(-77) + -10?
7
Suppose -3*b + 30*y = 25*y - 12633, 2*y + 16830 = 4*b. What is the tens digit of b?
0
What is the tens digit of (-3 - (-9 - -1)) + 1698 + 1?
0
Let b = 3 - 20. Let y = 64 - b. What is the units digit of y?
1
Suppose 3*b + 16 = 4*v, v - 2*v - 2 = 0. Let j be (-410)/b + (-1)/4. Suppose j = 5*d - 19. What is the tens digit of d?
1
Suppose 0 = s + 4*r - r - 506, 0 = 3*s - 3*r - 1542. Suppose 93*t + s = 97*t. What is the hundreds digit of t?
1
Suppose 0*j - 16 = -2*j. Suppose 687 + 1 = j*g. Suppose -s + 5*k = -0*k - 35, -4*s = -2*k - g. What is the units digit of s?
0
Suppose -8*g = -5529 - 5359. What is the hundreds digit of g?
3
Suppose -2*h = 3*z + 2*z - 745, h + 3*z - 373 = 0. What is the hundreds digit of h?
3
Suppose 3*a + 16 = 7*a, 3*h + 4*a = 31. Let d(l) = l**2 + 5*l + 7. What is the units digit of d(h)?
7
Let n = 132 + 74. What is the hundreds digit of n + 4/(-2) + 5?
2
Let j be 1/((1/15)/(9/27)). Suppose -j*x - 2*l = -567, -4*x + 315 + 136 = -l. What is the units digit of x?
3
Suppose 20 = -5*r, 3*u + 0*r = -4*r + 41. Let h = 45 + u. What is the tens digit of h?
6
Suppose -3*f = -155 - 460. What is the tens digit of f?
0
Let h(c) = -23*c - 11 - 6*c - 3*c. What is the units digit of h(-7)?
3
Suppose 0 = 3*y + t - 19, -5*t + t = y + 12. Suppose -5*j - 4 = 3*p, p = -2*p - 4*j + 1. Let i = p + y. What is the units digit of i?
5
Suppose 11*r + 26030 = 70910. What is the thousands digit of r?
4
Suppose 3*r + 20 = -2*z, r + 7 = -z - 2*r. Let p = 20 + z. Let s(j) = j**2 - 6*j + 5. What is the tens digit of s(p)?
1
Let z = -37 + 72. Suppose -5*l - 3*t = -105, -2*l + 2*t = 5*t - 42. Let i = z - l. What is the units digit of i?
4
Let a be ((-116)/4)/(-4 - -3). What is the units digit of (-3)/6 + a/2?
4
Suppose -2*u + 6 = -0. Suppose b = -f - f + 43, -b - u*f + 39 = 0. What is the tens digit of b?
5
Let g = 1272 - 606. What is the hundreds digit of g?
6
Let j(i) = -i**2 - 8*i + 5. Let x be j(-5). Suppose 59*l + x = 60*l. What is the tens digit of l?
2
Let k(s) = -15*s**3 + 2*s**2 - 4*s + 2. Let f(b) = 44*b**3 - 5*b**2 + 11*b - 6. Let m(w) = 3*f(w) + 8*k(w). What is the units digit of m(2)?
0
Suppose 2*b + 0*b + 4 = 0. Let g = b - 3. What is the units digit of 16/5 - (-1)/g?
3
Let c(v) = v + 4. Let d be c(0). Let i(k) = 10*k + d + k - 4*k - 2. What is the tens digit of i(4)?
3
Let w be (-10)/2 + 1 - -11. Suppose -5*r + w = -8. Suppose -5*v - 2*y + 76 = -r*v, 0 = 2*v + 4*y - 80. What is the units digit of v?
6
Suppose 0 = -d - 0*d - 5*i - 1, 0 = 5*i. Let y be (-3)/(2*d/12). Suppose 0 = -y*u + 16*u + 16. What is the units digit of u?
8
Suppose -2*i - 6 = -12. Suppose 0*m = i*m - 435. What is the hundreds digit of m?
1
Let u = 65 + 161. What is the hundreds digit of u?
2
Let h = 460 + 222. Let i = h + -421. What is the hundreds digit of i?
2
Let y(f) = -f**2 - 9*f - 9. Let i be y(-7). Suppose 5*m - g - 624 = 0, -m + 5*m + i*g = 476. What is the units digit of m?
4
Suppose -5*g + 23 = 3*r - 17, 3*g + 2*r = 24. Suppose -g*q + 5*q + 561 = 0. What is the hundreds digit of q?
1
Let w(c) = 51*c + 6. What is the tens digit of w(8)?
1
Let n = -853 - -1453. Suppose 5*h = -2*l + 209, 4*l = -h - 173 + n. What is the units digit of l?
7
Suppose 9*z - 23222 = -8*z. What is the tens digit of z?
6
Suppose 18 = -p - 3*k + 71, 3*p - 177 = -3*k. Suppose 3*z - 584 = -p. What is the hundreds digit of z?
1
Let h(z) = -z + 4. Let l be h(-8). Let w be l/(-42) - 1516/(-14). What is the units digit of ((-5)/(-3))/(30/w)?
6
Let d = 3 - 1. Let j be ((-6)/(-4))/((-6)/(-12)). Suppose 2*k + 24 = j*v - v, 0 = -d*v + 5*k + 15. What is the tens digit of v?
1
Suppose 4*t - o = 4*o - 90, 3*o - 26 = t. What is the tens digit of (2/(-3))/(t/2220)?
7
Let q(i) = 180*i - 1. Let c be q(1). Let r = -62 + c. What is the tens digit of r?
1
Suppose -5*p = -3*i + 374, -390 - 204 = -5*i + p. What is the tens digit of i?
1
Suppose -12*b + 245 = -2251. What is the units digit of b?
8
Suppose -238*p - 2240 = -246*p. What is the hundreds digit of p?
2
Let w(u) = -3*u - 28. Let v be w(-11). Let m(j) = j**3 - 4*j**2 + 8*j + 8. What is the units digit of m(v)?
3
Let m be (-3 + 4 - 3) + 6 + -1. Let h(p) = 49*p + 3. What is the hundreds digit of h(m)?
1
Let l be 1/(-2) - 1593/6. Let q = -152 - l. Suppose 3*j - r - 144 = 2*r, 4*r - q = -2*j. What is the units digit of j?
1
Let u be ((-114)/4)/(1/(-4)). Let i be 6 + -2 + (7 - (6 + 3)). Suppose -i*k - k = -u. What is the tens digit of k?
3
Let j(d) = d**3 + 19*d**2 - 209*d - 12. What is the tens digit of j(12)?
4
Let m(d) = 2*d + 19. Let r be m(-8). What is the tens digit of (-2)/r + 282/18?
1
Let g(q) = 2*q**2 - 21*q + 43. What is the units digit of g(13)?
8
What is the tens digit of 39930/40 - 8 - (-3)/4?
9
Let m be 10/(5 + -8 + 5). Suppose t + 3*t - 856 = -3*w, -1480 = -m*w + 4*t. What is the units digit of w?
2
Suppose -15*x - 3*x = 702. Let f = 47 - -38. Let s = x + f. What is the tens digit of s?
4
Let d(t) = -t**3 + 2*t - 4. Let f be d(-2). Let r(u) be the third derivative of -u**6/120 + u**5/60 - u**4/24 + u**3/2 - u**2. What is the units digit of r(f)?
3
Let u = 82 - 7. Suppose 0 = -4*q - i + 87, -i = 3*q + 3*i - u. What is the units digit of q?
1
Let b be 36/30*(-40)/3. Let k = 18 + b. Suppose 0 = -3*p - k*w + 112, 222 = 4*p - 3*w + 67. What is the units digit of p?
8
Let b(z) = 5*z + 5. Let u(j) = -2*j - 2. Let k(o) = 4*b(o) + 14*u(o). Let g be k(-6). Let h = g + -16. What is the tens digit of h?
2
Suppose 6*l + 154 = 742. Let w = -1 + -69. Let n = l + w. What is the tens digit of n?
2
Let f be 2 + 153 + (-6 - -4). Suppose 0 = -2*u - 5*w + 359, -u + 4*w + f = -7. What is the hundreds digit of u?
1
Suppose -4*d + 2*k = -2, d + 3*k = -4*d + 30. Let c be (-574)/(-12) + (-1)/(-6). Suppose 3*y = -2*y + d*u + 80, -3*y - 2*u = -c. What is the units digit of y?
6
Let z(w) = w**2 - 10*w - 11. Let k = 7 - -4. Let u be z(k). Suppose 5*c + c - 336 = u. What is the units digit of c?
6
Let g(a) = -11*a - 11. Let r be g(-8). Suppose 0 = -0*d + d - 5*l - 37, d + 5*l = r. What is the units digit of d?
7
Let h be (10/(-30))/(2/18). Let n(z) = 2*z**2 - 4*z - 5. Let q be n(h). Suppose 3*i - 38 - 37 = 4*v, -i + 2*v = -q. What is the tens digit of i?
2
Let p = -107 + 44. Let u = p + 88. What is the units digit of u?
5
Let i be 2 + (0 - -1 - -11). Let z = i + 54. What is the tens digit of z?
6
Suppose -4*s + s 